596*j. What is the greatest common factor of j and v?
2
Suppose 15*m + 2 = 17*m, 5*n - 8436 = 4*m. What is the greatest common divisor of 8 and n?
8
Let v(p) = 2*p**2 + 6*p - 22. Suppose 5*z - 5*q = -5, 3*q + q + 14 = z. Let x be v(z). Calculate the greatest common factor of x and 126.
14
Let g(b) be the third derivative of 29*b**4/24 - 23*b**3/3 + 146*b**2. Let n be g(2). What is the greatest common divisor of 42 and n?
6
Suppose -z = n - 9303, -5*n + 42*z = 38*z - 46542. What is the highest common factor of 90 and n?
18
Let x(w) = w**3 + 5*w**2 - 9*w - 9. Let i be x(-6). Suppose 246 = 10*r - 1554. Suppose -27*z = -25*z - r. Calculate the highest common divisor of i and z.
9
Suppose 3*y + 3*y + 162 = 0. Let s be (2 - 1)*y - -4. Let b = 30 + s. What is the highest common divisor of 77 and b?
7
Let j(b) = b**3 - 50*b**2 - 50*b - 4. Let a be j(51). What is the highest common factor of 3055 and a?
47
Suppose -3572 - 623 = -25*m - 295. Calculate the greatest common factor of m and 10218.
78
Suppose -5 = y, -3*p = -2*y - 2*y - 26. Let l be p/3 + (-194)/(-6). Suppose -30624 = -140*j + 24*j. What is the highest common factor of l and j?
33
Suppose -30*i + 4*i = -12*i - 5600. Calculate the highest common factor of 325 and i.
25
Let l = 19130 + -18562. What is the greatest common factor of l and 12212?
284
Suppose 200*q - 213*q + 6318 = 0. Calculate the highest common factor of 42 and q.
6
Suppose 109*y + 112*y + 18585 = 226*y. Calculate the greatest common factor of y and 252.
63
Suppose -8*h - 15*h - 420 = -44*h. Calculate the highest common factor of h and 580.
20
Suppose -150765 = -55*h + 26*h + 6*h. What is the greatest common factor of h and 230?
115
Let h be (2 - -3)/(-20) + (-9)/(-4). Let t be h/11 - 26031/(-33). Suppose -12*f + t = 129. Calculate the greatest common factor of f and 22.
11
Let a = -8335 + 8448. What is the highest common divisor of 29945 and a?
113
Let p = 5500 - 5400. Calculate the greatest common factor of 10300 and p.
100
Let v = -11 + 27. Let o(a) = -9*a + 7*a**2 + 17*a**3 - 2 - 16*a**3 - 6 + 1. Let t be o(3). Calculate the greatest common divisor of t and v.
8
Let p(a) = -a**3 - a**2 - 16*a - 48. Let r be p(-6). Suppose -4*y + 0*y + 552 = 0. Let f = r - y. What is the greatest common divisor of 60 and f?
30
Let l = 20264 - 18324. What is the greatest common divisor of l and 300?
20
Let f = 33667 - 33613. What is the highest common divisor of 8226 and f?
18
Let i = 64 + -46. Suppose -5 = -14*r - 5. Suppose r*s - i = -2*s. What is the greatest common divisor of 99 and s?
9
Let w be (0 + 3)/(-1) - -3. Suppose 0 = 4*o + 16, 0 = v - o - w - 16. Let z be 6 - 4 - -1*106. Calculate the greatest common factor of z and v.
12
Let l = -30 + 193. Let q = 191 - l. Let j = -28 - -56. What is the greatest common divisor of q and j?
28
Suppose 191*t - 2620787 - 73797 = 1972501. What is the highest common factor of t and 135?
135
Suppose 3024 + 1083 = 37*c. What is the highest common divisor of c and 6?
3
Let j(m) = 110*m - 70. Let n be j(1). Let p = -241 - -271. What is the highest common divisor of p and n?
10
Let n be 10/(-15)*162*(-6)/8. Let m = n + -71. What is the highest common divisor of 90 and m?
10
Let o(v) = 4*v**2 - 4*v + 1. Let u be o(-5). Let l = -119 + u. Calculate the highest common divisor of l and 14.
2
Let z(d) = -49*d + 3. Let r be z(-1). Suppose s + r = 182. What is the greatest common factor of s and 10?
10
Suppose 162 = 12*d - 10*d. Suppose -5*k + 20 = 5*b, 3*b - 7 = 10*k - 14*k. Calculate the greatest common divisor of b and d.
9
Suppose -4*g + 2*q + 3830 + 1682 = 0, 0 = 2*g - 3*q - 2760. Calculate the greatest common divisor of g and 119.
17
Let a = 24132 + -8337. What is the highest common factor of a and 135?
135
Let k = -2251 - -2687. What is the greatest common divisor of 763 and k?
109
Let k be 2/4 + 54/4. Suppose 0 = 21*l - 17*l + 8. Let v be l*(-8)/(-16)*-2. What is the greatest common factor of v and k?
2
Let o be ((-9)/6 - 0)*220/(-30). Suppose 2*x = -3*w + 480, 0 = o*x - 7*x + 5*w - 960. Calculate the highest common factor of 15 and x.
15
Let q be ((-2)/(-3))/(2/96). Suppose -10*j - d = -11*j + 250, 4*j - 994 = 5*d. What is the greatest common factor of j and q?
32
Suppose -3*g = -d - 472, 0 = -2*g + 2*d - 36 + 344. Let s = g - 147. Calculate the highest common divisor of s and 26.
2
Let x(t) = -28*t - 716. Let w be x(-29). Suppose -286*z + 240 = -278*z. Calculate the greatest common factor of z and w.
6
Let x(d) = d**3 + 6*d**2 - 30*d + 9. Let k be x(-9). What is the greatest common divisor of k and 1476?
36
Let w = 37 + -7. Let m = -36 + w. Let h be (m - -14)/((-2)/(-10)). Calculate the highest common divisor of 10 and h.
10
Let g(k) = 4*k**2 + 2*k - 2. Let b be g(-2). Suppose b = m + 2. Let x be -2 + -5 - (2 + 4 - 33). What is the highest common factor of x and m?
4
Let v(q) = 13*q**3 + 192*q**2 - 2*q + 37. Let r be v(-7). Calculate the greatest common factor of 8 and r.
8
Let r(u) = -u**2 + 10*u + 14. Let h be r(11). Let i be (-1 + 1)/(-3 - -5 - h). Suppose -6*c - 5*c + 297 = i. What is the highest common divisor of c and 18?
9
Let m(f) = -f + 7. Let n be m(5). Let i = 7 - n. Let b = -1209 - -1211. Calculate the highest common factor of i and b.
1
Suppose -8*q = -3*q - 45. Suppose -231*i + 4786 = -65*i + 304. What is the greatest common divisor of i and q?
9
Let y(c) = 49*c**2 - 643*c + 114. Let o be y(13). Let d be (36/(-8))/((-1)/20). Calculate the greatest common divisor of o and d.
18
Suppose -5*t - 2*k + 474 = 0, 0 = -4*t + k + 347 + 40. Let o(r) = 34*r + 2. Let j be o(-2). Let s = t + j. What is the greatest common factor of s and 240?
30
Let d = -2 + -1. Let y be (-1416)/(-72) + 5/d + 2. Calculate the highest common divisor of 30 and y.
10
Let v(m) = 602*m - 2256. Let w be v(6). Calculate the highest common divisor of 1243 and w.
113
Suppose 1851*b = 1853*b - 4*y - 110, -5*b + 3*y = -282. What is the greatest common divisor of 57 and b?
57
Let d = 361 - 307. Let a be 21393/d + 3/(-18). What is the greatest common divisor of a and 33?
33
Let f = 2170 - 2054. What is the highest common factor of 1450 and f?
58
Let g = -37600 + 37628. Let p be (-2 + 2)/(-1 + 0). Suppose b = -p + 42. Calculate the greatest common divisor of g and b.
14
Suppose -60*b = -51*b - 15129. Calculate the highest common divisor of b and 41.
41
Let t = -177 + 169. Let i be (48/(-42))/(t/28). What is the greatest common divisor of i and 44?
4
Suppose 345 - 925 = -5*c + 5*r, 3*r = c - 108. Let l = c - 25. Calculate the highest common factor of 19 and l.
19
Suppose -3*n + 2*q - 10 = -3*q, q = -n + 10. Let x(d) = 3*d**3 - 12*d**2 - 11. Let c be x(n). What is the highest common divisor of c and 80?
16
Let s(m) = 3 - 28*m - 23 + 2 + 33*m. Let p be s(4). Let r be p/(-3)*-3*(-99)/(-3). What is the greatest common factor of r and 11?
11
Let w be 3/2*(-4)/(-1). Let s = 47 + -50. Let u be w*s/(-27)*144. Calculate the greatest common factor of u and 12.
12
Let s(u) = u**3 - 112*u**2 - 217*u - 792. Let b be s(114). Let g = 133 + -91. What is the highest common divisor of g and b?
42
Let d(p) = -84*p - 170. Let m = 284 + -289. Let q be d(m). Calculate the greatest common divisor of 200 and q.
50
Let b = -717 + 918. Calculate the highest common divisor of b and 737.
67
Suppose -4*s = -4, -8*n + 12*n = 2*s + 2758. Calculate the greatest common factor of n and 120.
30
Suppose 0 = -2*i - 6*i + 24. Let z = 10 - i. Let q(h) = -h**3 + 6*h**2 + 9*h - 5. Let s be q(z). Calculate the greatest common factor of 81 and s.
9
Suppose -667 = 254*z - 327*z + 209. Let p(a) = -a**2 - 3*a. Let n be p(-3). Suppose -18 = -n*x - x. Calculate the greatest common divisor of x and z.
6
Let d(c) = -3*c**2 + 41*c + 19. Let g be d(14). Suppose -121 = -4*m - g*h - 0*h, -4*m + 130 = 2*h. What is the highest common factor of m and 85?
17
Let a be (4/(-16)*-44)/((3 - -4)/2947). What is the highest common factor of 33 and a?
11
Let o = 396 + -261. Let n = 2766 + -2748. Calculate the highest common factor of o and n.
9
Suppose -10*a - 120 + 2343 + 2227 = 0. Calculate the highest common factor of a and 20.
5
Let g = 217 - 227. Let o be ((-40)/3)/g*6. Calculate the highest common factor of o and 14.
2
Let h = -457 + 543. What is the greatest common divisor of 6 and h?
2
